ate the remainder when 866 is divided by 29.
25
What is the remainder when 254468 is divided by 127233?
2
Calculate the remainder when 322795 is divided by 20.
15
Calculate the remainder when 5747 is divided by 42.
35
What is the remainder when 115405 is divided by 19231?
19
What is the remainder when 352 is divided by 245?
107
What is the remainder when 74054 is divided by 924?
134
What is the remainder when 50 is divided by 2?
0
What is the remainder when 18421 is divided by 8975?
471
Calculate the remainder when 17335 is divided by 963.
1
What is the remainder when 1035 is divided by 145?
20
Calculate the remainder when 2881 is divided by 671.
197
What is the remainder when 114098 is divided by 736?
18
Calculate the remainder when 48306 is divided by 210.
6
What is the remainder when 155335 is divided by 769?
766
Calculate the remainder when 2400 is divided by 564.
144
Calculate the remainder when 16408610 is divided by 814.
812
What is the remainder when 3552443 is divided by 381?
380
What is the remainder when 2409 is divided by 1?
0
Calculate the remainder when 35261 is divided by 929.
888
Calculate the remainder when 831 is divided by 176.
127
What is the remainder when 410968 is divided by 210?
208
What is the remainder when 54015 is divided by 63?
24
Calculate the remainder when 24639 is divided by 224.
223
What is the remainder when 6991 is divided by 2327?
10
Calculate the remainder when 51859 is divided by 246.
199
Calculate the remainder when 56743 is divided by 485.
483
What is the remainder when 5819 is divided by 2903?
13
What is the remainder when 211822 is divided by 52954?
6
Calculate the remainder when 5447 is divided by 316.
75
What is the remainder when 2835 is divided by 943?
6
What is the remainder when 3343 is divided by 24?
7
Calculate the remainder when 501159 is divided by 748.
747
Calculate the remainder when 7493 is divided by 17.
13
What is the remainder when 685 is divided by 298?
89
Calculate the remainder when 205921 is divided by 43.
37
Calculate the remainder when 28587 is divided by 7055.
367
Calculate the remainder when 39896 is divided by 13298.
2
What is the remainder when 197562 is divided by 6?
0
What is the remainder when 569 is divided by 343?
226
What is the remainder when 59731 is divided by 59688?
43
Calculate the remainder when 17054 is divided by 9.
8
What is the remainder when 3363 is divided by 770?
283
What is the remainder when 2143 is divided by 7?
1
Calculate the remainder when 5053 is divided by 4972.
81
What is the remainder when 3986 is divided by 225?
161
What is the remainder when 1248 is divided by 6?
0
Calculate the remainder when 233114 is divided by 13.
11
Calculate the remainder when 88857 is divided by 7.
6
Calculate the remainder when 109039 is divided by 54518.
3
What is the remainder when 534 is divided by 56?
30
What is the remainder when 50111 is divided by 10016?
31
What is the remainder when 61544 is divided by 11?
10
What is the remainder when 579258 is divided by 220?
218
What is the remainder when 993 is divided by 73?
44
What is the remainder when 53055 is divided by 26509?
37
What is the remainder when 1199 is divided by 92?
3
What is the remainder when 8774 is divided by 314?
296
Calculate the remainder when 84604 is divided by 2.
0
Calculate the remainder when 5141123 is divided by 543.
542
What is the remainder when 338 is divided by 331?
7
What is the remainder when 386 is divided by 184?
18
What is the remainder when 40193 is divided by 319?
318
Calculate the remainder when 9524 is divided by 865.
9
Calculate the remainder when 817 is divided by 206.
199
Calculate the remainder when 9690 is divided by 10.
0
Calculate the remainder when 4170 is divided by 467.
434
Calculate the remainder when 15475 is divided by 20.
15
What is the remainder when 55338 is divided by 161?
115
What is the remainder when 3449 is divided by 989?
482
Calculate the remainder when 8382 is divided by 185.
57
Calculate the remainder when 2278 is divided by 246.
64
Calculate the remainder when 3470 is divided by 297.
203
Calculate the remainder when 7639 is divided by 333.
313
What is the remainder when 538 is divided by 313?
225
Calculate the remainder when 6075 is divided by 2023.
6
Calculate the remainder when 20608 is divided by 270.
88
Calculate the remainder when 2469 is divided by 2398.
71
What is the remainder when 7084 is divided by 177?
4
Calculate the remainder when 6955 is divided by 1278.
565
What is the remainder when 7138 is divided by 2371?
25
Calculate the remainder when 321214 is divided by 29200.
14
Calculate the remainder when 4837 is divided by 19.
11
What is the remainder when 30961 is divided by 53?
9
What is the remainder when 120340 is divided by 46?
4
What is the remainder when 62019 is divided by 33?
12
What is the remainder when 1252 is divided by 1121?
131
What is the remainder when 5940 is divided by 63?
18
Calculate the remainder when 96135 is divided by 161.
18
Calculate the remainder when 15664 is divided by 392.
376
What is the remainder when 12728 is divided by 94?
38
Calculate the remainder when 3141 is divided by 7.
5
What is the remainder when 136758 is divided by 26?
24
What is the remainder when 18795 is divided by 563?
216
What is the remainder when 1134 is divided by 1126?
8
Calculate the remainder when 58961 is divided by 317.
316
What is the remainder when 227896 is divided by 349?
348
What is the remainder when 14941 is divided by 34?
15
Calculate the remainder when 931 is divided by 747.
184
Calculate the remainder when 3190 is divided by 844.
658
What is the remainder when 75342 is divided by 40?
22
Calculate the remainder when 97339 is divided by 169.
164
What is the remainder when 4475 is divided by 135?
20
Calculate the remainder when 1319 is divided by 71.
41
Calculate the remainder when 12832 is divided by 267.
16
Calculate the remainder when 77845 is divided by 211.
197
What is the remainder when 1099 is divided by 546?
7
Calculate the remainder when 3771 is divided by 200.
171
What is the remainder when 1906 is divided by 1896?
10
Calculate the remainder when 8243 is divided by 276.
239
Calculate the remainder when 5755 is divided by 88.
35
Calculate the remainder when 4853 is divided by 154.
79
What is the remainder when 2902 is divided by 72?
22
Calculate the remainder when 41646 is divided by 259.
206
What is the remainder when 2805 is divided by 229?
57
What is the remainder when 2784 is divided by 280?
264
Calculate the remainder when 280462 is divided by 56090.
12
What is the remainder when 4094 is divided by 1021?
10
Calculate the remainder when 1797 is divided by 289.
63
Calculate the remainder when 282045 is divided by 64.
61
What is the remainder when 47688 is divided by 2979?
24
What is the remainder when 16849 is divided by 254?
85
Calculate the remainder when 71560 is divided by 166.
14
What is the remainder when 18641 is divided by 18578?
63
What is the remainder when 5163 is divided by 1255?
143
What is the remainder when 30929 is divided by 63?
59
Calculate the remainder when 82322 is divided by 37.
34
What is the remainder when 194755 is divided by 60?
55
What is the remainder when 6143 is divided by 1022?
11
What is the remainder when 7438 is divided by 60?
58
Calculate the remainder when 730 is divided by 219.
73
Calculate the remainder when 35773 is divided by 86.
83
Calculate the remainder when 75839 is divided by 10831.
22
What is the remainder when 3228 is divided by 54?
42
What is the remainder when 857 is divided by 200?
57
Calculate the remainder when 897 is divided by 293.
18
What is the remainder when 1538 is divided by 43?
33
Calculate the remainder when 15383 is divided by 130.
43
What is the remainder when 778 is divided by 157?
150
What is the remainder when 347708 is divided by 201?
179
What is the remainder when 4125 is divided by 575?
100
Calculate the remainder when 79818 is divided by 9.
6
What is the remainder when 71143 is divided by 255?
253
Calculate the remainder when 10895 is divided by 32.
15
What is the remainder when 106172 is divided by 120?
92
Calculate the remainder when 19083 is divided by 123.
18
Calculate the remainder when 3932 is divided by 96.
92
What is the remainder when 80467